{"id":8,"date":"2019-08-21T17:26:41","date_gmt":"2019-08-21T17:26:41","guid":{"rendered":"http:\/\/petravonthienen.gruene-mering.de\/?page_id=8"},"modified":"2021-02-15T09:13:35","modified_gmt":"2021-02-15T09:13:35","slug":"persoenliches","status":"publish","type":"page","link":"https:\/\/petravonthienen.de\/?page_id=8","title":{"rendered":"Pers\u00f6nliches"},"content":{"rendered":"\n<div class=\"wp-block-image\"><figure class=\"alignleft is-resized\"><img loading=\"lazy\" decoding=\"async\" src=\"https:\/\/i0.wp.com\/petravonthienen.de\/wp-content\/uploads\/2019\/08\/Das-bin-ich.jpg?resize=403%2C417\" alt=\"\" class=\"wp-image-68\" width=\"403\" height=\"417\" srcset=\"https:\/\/i0.wp.com\/petravonthienen.de\/wp-content\/uploads\/2019\/08\/Das-bin-ich.jpg?resize=400%2C415&amp;ssl=1 400w, https:\/\/i0.wp.com\/petravonthienen.de\/wp-content\/uploads\/2019\/08\/Das-bin-ich.jpg?resize=144%2C150&amp;ssl=1 144w, https:\/\/i0.wp.com\/petravonthienen.de\/wp-content\/uploads\/2019\/08\/Das-bin-ich.jpg?zoom=2&amp;resize=403%2C417 806w, https:\/\/i0.wp.com\/petravonthienen.de\/wp-content\/uploads\/2019\/08\/Das-bin-ich.jpg?zoom=3&amp;resize=403%2C417 1209w\" sizes=\"(max-width: 403px) 100vw, 403px\" data-recalc-dims=\"1\" \/><\/figure><\/div>\n\n\n\n<p> Ich bin 1962 geboren, in Tutzing am Starnberger See aufgewachsen und lebe mit meiner Familie seit 1992 in Mering. <\/p>\n\n\n\n<p>Mit meinem Mann Wolfhard bin ich seit 1989 verheiratet. Wir haben 2 erwachsene Kinder (Tobias und Alina). <\/p>\n\n\n\n<p>Ich bin Diplombiologin und arbeite derzeit als Dokumentations-Managerin in der IT-Branche.  <\/p>\n\n\n\n<p>In meiner Freizeit bin ich gern in der Natur und sportlich unterwegs,  z.B. beim Radeln, Bergsteigen, Skibergsteigen, Schwimmen. Au\u00dferdem liebe  ich die Musik, spiele selbst Klavier und versuche mich seit Neuestem im  Chorgesang.   <\/p>\n\n\n\n<p>Vereinsmitgliedschaften: Bund Naturschutz, ADFC, DAV Mering, Heimatverein Mering, TV Mering, Liederkranz Mering.  <\/p>\n\n\n\n<h2 class=\"wp-block-heading\">Darum Gr\u00fcn<\/h2>\n\n\n\n<p>Wir alle leben gemeinsam auf einer Erde. Weltoffenheit und soziale Verantwortung sind mir deshalb sehr wichtig und die Natur liegt mir sehr am Herzen. Aus diesem Grund habe ich Biologie studiert und dabei die Zusammenh\u00e4nge verstehen gelernt, die die Grundlage f\u00fcr das Leben auf unserer Erde sind. Ich kann nicht verstehen, dass wir Menschen sehenden Auges die Basis der eigenen Existenz zerst\u00f6ren. Mittlerweile wird es existentiell, dass wir umfassende Ma\u00dfnahmen ergreifen, um die globalen Krisen des Klimawandels, des Artensterbens und der humanit\u00e4ren Katastrophen und Missst\u00e4nde auf der Welt aufzuhalten.<\/p>\n\n\n\n<p>Die Gr\u00fcnen sind f\u00fcr mich eine Partei, deren Kernanliegen es schon immer war und ist, dieser Entwicklung ernsthaft entgegenzuwirken.<\/p>\n\n\n\n<p>Gleichberechtigung ist f\u00fcr mich ein wichtiges Thema der Gesellschaft und noch immer haben wir nicht erreicht, was einem echten Gleichgewicht entspricht.  Ich selbst m\u00f6chte einen Beitrag dazu  leisten. Auch deshalb habe ich mich f\u00fcr die gr\u00fcne Partei entschieden. In dieser Partei hat Frauenf\u00f6rderung schon immer einen hohen Stellenwert und wird auch gelebt. Die Gr\u00fcnen  haben, wie andere Parteien, die Frauenf\u00f6rderung in ihre Parteistatuten aufgenommen. Das findet sich im <a rel=\"noreferrer noopener\" aria-label=\"Frauenstatut  (\u00f6ffnet in neuem Tab)\" href=\"https:\/\/www.gruene-bayern.de\/partei\/satzungen-und-co\/2-frauenstatut\/\" target=\"_blank\">Frauenstatut <\/a>wieder. <\/p>\n\n\n\n<h2 class=\"wp-block-heading\">Darum Kommunalpolitik<\/h2>\n\n\n\n<p>Mein politisches Engagement nahm seinen Anfang in meiner Studienzeit als aktives Mitglied von amnesty international. Dass der Schutz der Menschenrechte und der Demokratie nicht nur in vielen anderen Teilen der Welt, sondern auch bei uns in Deutschland, immer noch keine Selbstverst\u00e4ndlichkeit ist, hat mich wachger\u00fcttelt. <\/p>\n\n\n\n<p>Demokratie muss aber gelebt werden. Ich habe das durch mein bisheriges Engagement immer versucht. <\/p>\n\n\n\n<p>In Mering habe ich 1993 das <a href=\"https:\/\/kinderhaus-mering.de\/\">Kinderhaus Mering<\/a>  mit gegr\u00fcndet und war dort 5 Jahre im Vorstand. 2005 haben mein Mann und ich mit einigen anderen Familien zusammen den Verein &#8222;Kinder- und jugendfreundliches Mering e.V.&#8220; ins Leben gerufen, der sich der F\u00f6rderung von Kinder- und Jugendprojekten widmete. <\/p>\n\n\n\n<p>Seit Gr\u00fcndung des B\u00fcndnisses  <a href=\"https:\/\/mering.info\/\">Nachhaltiges Mering<\/a>  bin ich dort aktiv dabei. Im B\u00fcndnis <a href=\"https:\/\/www.mering-ist-bunt.de\/\">Mering ist bunt<\/a> bin ich ebenfalls seit Gr\u00fcndung aktiv und seit 2010 im Beirat.  Bei <a rel=\"noreferrer noopener\" href=\"https:\/\/keine-osttangente.de\/\" target=\"_blank\">A-KO Aktionsb\u00fcndnis Keine Osttangente<\/a> bin ich ebenfalls aktives Mitglied.  <\/p>\n\n\n\n<p>Die ehrenamtliche Arbeit in der Gemeinde hat mich sehr bald zu der Erkenntnis gebracht, dass ich mich in die Ortspolitik einmischen m\u00f6chte. 2007 fing dann auch meine aktive Zeit bei den Meringer Gr\u00fcnen an, 5 Jahre lang war ich Ortssprecherin. Seit 2014 bin ich Mitglied des Meringer Marktgemeinderats und Fraktionssprecherin der gr\u00fcnen Fraktion. <\/p>\n\n\n\n<h2 class=\"wp-block-heading\">Darum Politik f\u00fcr Mering <\/h2>\n\n\n\n<p>Ich lebe gern in Mering. Mering ist meine Heimat und die meiner Familie geworden. Hier sind unsere Kinder aufgewachsen, hier findet unser privates Leben statt. Der Ort und die Natur drumherum bieten alle M\u00f6glichkeiten, um angenehm darin zu leben und zu arbeiten. Ich m\u00f6chte diese Heimat erhalten und mitgestalten. <\/p>\n\n\n\n<p>Immer mehr Menschen  suchen sich Mering als den Platz f\u00fcr ihr Leben und das ihrer Familie aus.  So haben das mein Mann und ich vor 27 Jahren auch getan. Der Ort w\u00e4chst und wird weiter wachsen. <\/p>\n\n\n\n<p>Die Entwicklung des Ortes darf man nicht dem Zufall, der Willk\u00fcr Einzelner oder cleveren Investoren \u00fcberlassen. Nur wenn wir das Gemeinwohl im Blick behalten und  mit offenen Augen in die Zukunft schauen, wird die Gemeinde sich menschenfreundlich entwickeln k\u00f6nnen.<\/p>\n\n\n\n<p>Menschenfreundlich hei\u00dft f\u00fcr mich: Ressourcen schonend nutzen, die Einzigartigkeit des Ortes erhalten und mit kreativen und innovativen Ideen weiterentwickeln. Wir m\u00fcssen f\u00fcr alle Bereiche der Gemeinde nachhaltige und umweltfreundliche Konzepte entwerfen, vor allem aber f\u00fcr die Baulandentwicklung, die Gewerbef\u00f6rderung und die Entwicklung der Ortsmitte. Ich vertraue dabei fest auch auf den Gestaltungswillen der Meringerinnen und Meringer und ihre Bereitschaft mitzuwirken. Hier leben so viele Menschen, die vielf\u00e4ltige Kompetenzen besitzen und diese auch f\u00fcr ihren Ort einbringen m\u00f6chten, genauso wie ich das getan habe. Gemeinsam k\u00f6nnen wir hier Lebensorte f\u00fcr alle schaffen. Diese M\u00f6glichkeit m\u00f6chte ich den Menschen geben.<\/p>\n\n\n\n<p>Mering muss sich wie alle Gemeinden den sich stetig ver\u00e4ndernden Bedingungen anpassen. Daf\u00fcr braucht es einen klaren Blick und den Willen zu agieren &#8211; f\u00fcr alle B\u00fcrger und f\u00fcr einen sch\u00f6nen, lebendigen Ort.<\/p>\n\n\n\n<p>Abwarten macht hilflos. Ich will nicht abwarten, sondern m\u00f6chte Mering voranbringen und das vorhandene Potenzial nutzen. Mering soll sich weiterentwickeln und nicht im Stillstand verharren!<\/p>\n\n\n\n<p>Wenn Sie mehr dar\u00fcber erfahren m\u00f6chten, was ich mir konkret darunter vorstelle, schauen Sie sich <a href=\"http:\/\/petravonthienen.de\/?page_id=12\">mein Programm<\/a> an. <\/p>\n\n\n\n<h2 class=\"wp-block-heading\">In den Medien<\/h2>\n\n\n\n<p>Stadtzeitung 13.7.2019:<\/p>\n\n\n\n<figure class=\"wp-block-image\"><img loading=\"lazy\" decoding=\"async\" width=\"769\" height=\"755\" src=\"https:\/\/i0.wp.com\/petravonthienen.de\/wp-content\/uploads\/2020\/03\/stadtzeitung-20190713.jpg?resize=769%2C755&#038;ssl=1\" alt=\"\" class=\"wp-image-655\" srcset=\"https:\/\/i0.wp.com\/petravonthienen.de\/wp-content\/uploads\/2020\/03\/stadtzeitung-20190713.jpg?w=769&amp;ssl=1 769w, https:\/\/i0.wp.com\/petravonthienen.de\/wp-content\/uploads\/2020\/03\/stadtzeitung-20190713.jpg?resize=400%2C393&amp;ssl=1 400w, https:\/\/i0.wp.com\/petravonthienen.de\/wp-content\/uploads\/2020\/03\/stadtzeitung-20190713.jpg?resize=768%2C754&amp;ssl=1 768w, https:\/\/i0.wp.com\/petravonthienen.de\/wp-content\/uploads\/2020\/03\/stadtzeitung-20190713.jpg?resize=150%2C147&amp;ssl=1 150w\" sizes=\"(max-width: 769px) 100vw, 769px\" data-recalc-dims=\"1\" \/><\/figure>\n\n\n\n<p>Am 18.1.2020 lud die Kolpingfamilie alle bis dahin offiziell nominierten  B\u00fcrgermeisterkandidat*innen zur Podiumsdiskussion in die Mehrzweckhalle  ein. Dankenswerterweise wurde die Veranstaltung aufgezeichnet. <a rel=\"noreferrer noopener\" href=\"https:\/\/www.youtube.com\/playlist?list=PL5rwd6c-qImcSz1l_AJqr8CgT5ceLYddY\" target=\"_blank\">Hier geht es zur YouTube-Playlist mit allen Teilen der Diskussion.<\/a><\/p>\n\n\n\n<p>Am 14.2.2020 war ich zu Gast in der Redaktion der Friedberger Allgemeinen Zeitung, um ein Video etwas anderer Art aufzuzeichnen. <a rel=\"noreferrer noopener\" aria-label=\"Schauen Sie sich an, was daraus geworden ist (\u00f6ffnet in neuem Tab)\" href=\"https:\/\/www.augsburger-allgemeine.de\/video\/Petra-von-Thienen-im-Interview-id56971586.html\" target=\"_blank\">Schauen Sie sich an, was daraus geworden ist<\/a>. <\/p>\n\n\n\n<p>Am 4.3.2020 erschien mein Portr\u00e4t in der Friedberger Allgemeinen Zeitung. <a rel=\"noreferrer noopener\" aria-label=\"Hier als lus-rtikel  (\u00f6ffnet in neuem Tab)\" href=\"https:\/\/www.augsburger-allgemeine.de\/friedberg\/Petra-von-Thienen-will-Vertrauen-der-Buerger-in-Politik-zurueckgewinnen-id56960046.html\" target=\"_blank\">Hier als Plus-Artikel<\/a>.<\/p>\n","protected":false},"excerpt":{"rendered":"<p>Ich bin 1962 geboren, in Tutzing am Starnberger See aufgewachsen und lebe mit meiner Familie seit 1992 in Mering. Mit meinem Mann Wolfhard bin ich seit 1989 verheiratet. Wir haben&#8230; <\/p>\n","protected":false},"author":1,"featured_media":0,"parent":0,"menu_order":0,"comment_status":"closed","ping_status":"closed","template":"","meta":{"footnotes":""},"jetpack_sharing_enabled":true,"_links":{"self":[{"href":"https:\/\/petravonthienen.de\/index.php?rest_route=\/wp\/v2\/pages\/8"}],"collection":[{"href":"https:\/\/petravonthienen.de\/index.php?rest_route=\/wp\/v2\/pages"}],"about":[{"href":"https:\/\/petravonthienen.de\/index.php?rest_route=\/wp\/v2\/types\/page"}],"author":[{"embeddable":true,"href":"https:\/\/petravonthienen.de\/index.php?rest_route=\/wp\/v2\/users\/1"}],"replies":[{"embeddable":true,"href":"https:\/\/petravonthienen.de\/index.php?rest_route=%2Fwp%2Fv2%2Fcomments&post=8"}],"version-history":[{"count":71,"href":"https:\/\/petravonthienen.de\/index.php?rest_route=\/wp\/v2\/pages\/8\/revisions"}],"predecessor-version":[{"id":758,"href":"https:\/\/petravonthienen.de\/index.php?rest_route=\/wp\/v2\/pages\/8\/revisions\/758"}],"wp:attachment":[{"href":"https:\/\/petravonthienen.de\/index.php?rest_route=%2Fwp%2Fv2%2Fmedia&parent=8"}],"curies":[{"name":"wp","href":"https:\/\/api.w.org\/{rel}","templated":true}]}}

Persönliches

<div class="wp-block-image"><figure class="alignleft is-resized"><img loading="lazy" decoding="async" src="https://i0.wp.com/petravonthienen.de/wp-content/uploads/2019/08/Das-bin-ich.jpg?resize=403%2C417" alt="" class="wp-image-68" width="403" height="417" srcset="https://i0.wp.com/petravonthienen.de/wp-content/uploads/2019/08/Das-bin-ich.jpg?resize=400%2C415&amp;ssl=1 400w, https://i0.wp.com/petravonthienen.de/wp-content/uploads/2019/08/Das-bin-ich.jpg?resize=144%2C150&amp;ssl=1 144w, https://i0.wp.com/petravonthienen.de/wp-content/uploads/2019/08/Das-bin-ich.jpg?zoom=2&amp;resize=403%2C417 806w, https://i0.wp.com/petravonthienen.de/wp-content/uploads/2019/08/Das-bin-ich.jpg?zoom=3&amp;resize=403%2C417 1209w" sizes="(max-width: 403px) 100vw, 403px" data-recalc-dims="1" /></figure></div>



<p> Ich bin 1962 geboren, in Tutzing am Starnberger See aufgewachsen und lebe mit meiner Familie seit 1992 in Mering. </p>



<p>Mit meinem Mann Wolfhard bin ich seit 1989 verheiratet. Wir haben 2 erwachsene Kinder (Tobias und Alina). </p>



<p>Ich bin Diplombiologin und arbeite derzeit als Dokumentations-Managerin in der IT-Branche.  </p>



<p>In meiner Freizeit bin ich gern in der Natur und sportlich unterwegs,  z.B. beim Radeln, Bergsteigen, Skibergsteigen, Schwimmen. Außerdem liebe  ich die Musik, spiele selbst Klavier und versuche mich seit Neuestem im  Chorgesang.   </p>



<p>Vereinsmitgliedschaften: Bund Naturschutz, ADFC, DAV Mering, Heimatverein Mering, TV Mering, Liederkranz Mering.  </p>



<h2 class="wp-block-heading">Darum Grün</h2>



<p>Wir alle leben gemeinsam auf einer Erde. Weltoffenheit und soziale Verantwortung sind mir deshalb sehr wichtig und die Natur liegt mir sehr am Herzen. Aus diesem Grund habe ich Biologie studiert und dabei die Zusammenhänge verstehen gelernt, die die Grundlage für das Leben auf unserer Erde sind. Ich kann nicht verstehen, dass wir Menschen sehenden Auges die Basis der eigenen Existenz zerstören. Mittlerweile wird es existentiell, dass wir umfassende Maßnahmen ergreifen, um die globalen Krisen des Klimawandels, des Artensterbens und der humanitären Katastrophen und Missstände auf der Welt aufzuhalten.</p>



<p>Die Grünen sind für mich eine Partei, deren Kernanliegen es schon immer war und ist, dieser Entwicklung ernsthaft entgegenzuwirken.</p>



<p>Gleichberechtigung ist für mich ein wichtiges Thema der Gesellschaft und noch immer haben wir nicht erreicht, was einem echten Gleichgewicht entspricht.  Ich selbst möchte einen Beitrag dazu  leisten. Auch deshalb habe ich mich für die grüne Partei entschieden. In dieser Partei hat Frauenförderung schon immer einen hohen Stellenwert und wird auch gelebt. Die Grünen  haben, wie andere Parteien, die Frauenförderung in ihre Parteistatuten aufgenommen. Das findet sich im <a rel="noreferrer noopener" aria-label="Frauenstatut  (öffnet in neuem Tab)" href="https://www.gruene-bayern.de/partei/satzungen-und-co/2-frauenstatut/" target="_blank">Frauenstatut </a>wieder. </p>



<h2 class="wp-block-heading">Darum Kommunalpolitik</h2>



<p>Mein politisches Engagement nahm seinen Anfang in meiner Studienzeit als aktives Mitglied von amnesty international. Dass der Schutz der Menschenrechte und der Demokratie nicht nur in vielen anderen Teilen der Welt, sondern auch bei uns in Deutschland, immer noch keine Selbstverständlichkeit ist, hat mich wachgerüttelt. </p>



<p>Demokratie muss aber gelebt werden. Ich habe das durch mein bisheriges Engagement immer versucht. </p>



<p>In Mering habe ich 1993 das <a href="https://kinderhaus-mering.de/">Kinderhaus Mering</a>  mit gegründet und war dort 5 Jahre im Vorstand. 2005 haben mein Mann und ich mit einigen anderen Familien zusammen den Verein &#8222;Kinder- und jugendfreundliches Mering e.V.&#8220; ins Leben gerufen, der sich der Förderung von Kinder- und Jugendprojekten widmete. </p>



<p>Seit Gründung des Bündnisses  <a href="https://mering.info/">Nachhaltiges Mering</a>  bin ich dort aktiv dabei. Im Bündnis <a href="https://www.mering-ist-bunt.de/">Mering ist bunt</a> bin ich ebenfalls seit Gründung aktiv und seit 2010 im Beirat.  Bei <a rel="noreferrer noopener" href="https://keine-osttangente.de/" target="_blank">A-KO Aktionsbündnis Keine Osttangente</a> bin ich ebenfalls aktives Mitglied.  </p>



<p>Die ehrenamtliche Arbeit in der Gemeinde hat mich sehr bald zu der Erkenntnis gebracht, dass ich mich in die Ortspolitik einmischen möchte. 2007 fing dann auch meine aktive Zeit bei den Meringer Grünen an, 5 Jahre lang war ich Ortssprecherin. Seit 2014 bin ich Mitglied des Meringer Marktgemeinderats und Fraktionssprecherin der grünen Fraktion. </p>



<h2 class="wp-block-heading">Darum Politik für Mering </h2>



<p>Ich lebe gern in Mering. Mering ist meine Heimat und die meiner Familie geworden. Hier sind unsere Kinder aufgewachsen, hier findet unser privates Leben statt. Der Ort und die Natur drumherum bieten alle Möglichkeiten, um angenehm darin zu leben und zu arbeiten. Ich möchte diese Heimat erhalten und mitgestalten. </p>



<p>Immer mehr Menschen  suchen sich Mering als den Platz für ihr Leben und das ihrer Familie aus.  So haben das mein Mann und ich vor 27 Jahren auch getan. Der Ort wächst und wird weiter wachsen. </p>



<p>Die Entwicklung des Ortes darf man nicht dem Zufall, der Willkür Einzelner oder cleveren Investoren überlassen. Nur wenn wir das Gemeinwohl im Blick behalten und  mit offenen Augen in die Zukunft schauen, wird die Gemeinde sich menschenfreundlich entwickeln können.</p>



<p>Menschenfreundlich heißt für mich: Ressourcen schonend nutzen, die Einzigartigkeit des Ortes erhalten und mit kreativen und innovativen Ideen weiterentwickeln. Wir müssen für alle Bereiche der Gemeinde nachhaltige und umweltfreundliche Konzepte entwerfen, vor allem aber für die Baulandentwicklung, die Gewerbeförderung und die Entwicklung der Ortsmitte. Ich vertraue dabei fest auch auf den Gestaltungswillen der Meringerinnen und Meringer und ihre Bereitschaft mitzuwirken. Hier leben so viele Menschen, die vielfältige Kompetenzen besitzen und diese auch für ihren Ort einbringen möchten, genauso wie ich das getan habe. Gemeinsam können wir hier Lebensorte für alle schaffen. Diese Möglichkeit möchte ich den Menschen geben.</p>



<p>Mering muss sich wie alle Gemeinden den sich stetig verändernden Bedingungen anpassen. Dafür braucht es einen klaren Blick und den Willen zu agieren &#8211; für alle Bürger und für einen schönen, lebendigen Ort.</p>



<p>Abwarten macht hilflos. Ich will nicht abwarten, sondern möchte Mering voranbringen und das vorhandene Potenzial nutzen. Mering soll sich weiterentwickeln und nicht im Stillstand verharren!</p>



<p>Wenn Sie mehr darüber erfahren möchten, was ich mir konkret darunter vorstelle, schauen Sie sich <a href="http://petravonthienen.de/?page_id=12">mein Programm</a> an. </p>



<h2 class="wp-block-heading">In den Medien</h2>



<p>Stadtzeitung 13.7.2019:</p>



<figure class="wp-block-image"><img loading="lazy" decoding="async" width="769" height="755" src="https://i0.wp.com/petravonthienen.de/wp-content/uploads/2020/03/stadtzeitung-20190713.jpg?resize=769%2C755&#038;ssl=1" alt="" class="wp-image-655" srcset="https://i0.wp.com/petravonthienen.de/wp-content/uploads/2020/03/stadtzeitung-20190713.jpg?w=769&amp;ssl=1 769w, https://i0.wp.com/petravonthienen.de/wp-content/uploads/2020/03/stadtzeitung-20190713.jpg?resize=400%2C393&amp;ssl=1 400w, https://i0.wp.com/petravonthienen.de/wp-content/uploads/2020/03/stadtzeitung-20190713.jpg?resize=768%2C754&amp;ssl=1 768w, https://i0.wp.com/petravonthienen.de/wp-content/uploads/2020/03/stadtzeitung-20190713.jpg?resize=150%2C147&amp;ssl=1 150w" sizes="(max-width: 769px) 100vw, 769px" data-recalc-dims="1" /></figure>



<p>Am 18.1.2020 lud die Kolpingfamilie alle bis dahin offiziell nominierten  Bürgermeisterkandidat*innen zur Podiumsdiskussion in die Mehrzweckhalle  ein. Dankenswerterweise wurde die Veranstaltung aufgezeichnet. <a rel="noreferrer noopener" href="https://www.youtube.com/playlist?list=PL5rwd6c-qImcSz1l_AJqr8CgT5ceLYddY" target="_blank">Hier geht es zur YouTube-Playlist mit allen Teilen der Diskussion.</a></p>



<p>Am 14.2.2020 war ich zu Gast in der Redaktion der Friedberger Allgemeinen Zeitung, um ein Video etwas anderer Art aufzuzeichnen. <a rel="noreferrer noopener" aria-label="Schauen Sie sich an, was daraus geworden ist (öffnet in neuem Tab)" href="https://www.augsburger-allgemeine.de/video/Petra-von-Thienen-im-Interview-id56971586.html" target="_blank">Schauen Sie sich an, was daraus geworden ist</a>. </p>



<p>Am 4.3.2020 erschien mein Porträt in der Friedberger Allgemeinen Zeitung. <a rel="noreferrer noopener" aria-label="Hier als lus-rtikel  (öffnet in neuem Tab)" href="https://www.augsburger-allgemeine.de/friedberg/Petra-von-Thienen-will-Vertrauen-der-Buerger-in-Politik-zurueckgewinnen-id56960046.html" target="_blank">Hier als Plus-Artikel</a>.</p>
